r(-74).
-79
Let p(x) = -6337*x + 12854. What is p(2)?
180
Let u(n) = 30*n**2 + 658*n + 4. Calculate u(-21).
-584
Let x(l) = 4*l**2 + 417*l + 12788. Give x(-34).
3234
Let i(o) = -8*o + 1476. Calculate i(30).
1236
Let a(o) = -274*o - 33708. What is a(-123)?
-6
Let i(g) = g**3 - 33*g**2 - 760*g - 433. Calculate i(-15).
167
Let k(w) = w**2 + 448720*w + 5833215. Give k(-13).
24
Let l(n) = 3*n**2 - 47*n - 646. Calculate l(29).
514
Let p(j) = -j**2 + 419*j - 6960. What is p(17)?
-126
Let p(a) = -2*a**3 - 159*a**2 + 13129*a - 131. What is p(-130)?
-1
Let a(p) = 992*p - 188314. Calculate a(190).
166
Let j(d) = d**2 - 1590*d + 75490. Calculate j(49).
-19
Let l(m) = -5*m**3 + 47*m**2 + 198*m + 54. What is l(13)?
-414
Let s(l) = -57*l**2 - 12*l + 499. Give s(-8).
-3053
Let v(r) = 65020*r - 1820514. Calculate v(28).
46
Let i(z) = 90*z**2 + 12959*z - 147. What is i(-144)?
-3
Let d(x) = -172*x**2 + 74113*x + 8184. What is d(431)?
-5
Let s(b) = -2174*b + 723961. Calculate s(333).
19
Let j(v) = -4*v**2 - 327*v - 5408. Determine j(-18).
-818
Let t(l) = -l**2 + 18380*l + 257520. What is t(-14)?
4
Let p(l) = -19*l**3 - 141*l**2 + 14*l + 25. Determine p(-8).
617
Let z(l) = 595*l**2 + 1128726*l + 20867. Give z(-1897).
0
Let s(b) = 178*b + 2886. What is s(-20)?
-674
Let j(s) = -s**3 - 156*s**2 + 4104*s + 310. What is j(23)?
11
Let j(v) = -24*v**2 + 160*v - 313. Give j(14).
-2777
Let t(i) = i**3 + 37*i**2 + 479*i + 1970. Calculate t(-8).
-6
Let q(k) = k**3 - 16*k**2 + 30*k - 144. Give q(7).
-375
Let j(q) = -2*q**2 + 6023*q - 12045. Calculate j(2).
-7
Let o(x) = 12041*x**2 - 96322*x - 4. Give o(8).
44
Let v(x) = 4*x**2 - 209*x - 835. What is v(-4)?
65
Let x(t) = -406704*t + 8134073. Give x(20).
-7
Let n(j) = 9*j**3 + 24*j**2 + 25*j + 88. Determine n(-6).
-1142
Let h(m) = 77*m**2 - 223*m + 452. Calculate h(2).
314
Let d(h) = h**2 + 108*h + 2307. What is d(-81)?
120
Let a(x) = 39491*x - 789854. Determine a(20).
-34
Let w(d) = 139*d - 6106. Calculate w(47).
427
Let p(z) = -z**3 - 272*z**2 - 359*z - 23853. Give p(-271).
-5
Let m(i) = 193*i**3 + 1158*i**2 - 96*i - 604. Determine m(-6).
-28
Let h(t) = -25*t**2 - 90*t + 693. What is h(6)?
-747
Let c(v) = -v**3 - 14*v**2 - 65*v - 1454. Calculate c(-16).
98
Let q(u) = -u**3 - 165*u**2 + 33*u + 5528. Calculate q(-165).
83
Let l(s) = -19*s + 366. What is l(39)?
-375
Let o(j) = -j**2 - 595*j + 664072. What is o(570)?
22
Let n(x) = -29287*x + 1347202. What is n(46)?
0
Let w(r) = -4*r**2 - 705*r - 11393. Determine w(-18).
1
Let u(d) = 47*d**2 - 528*d + 75. Determine u(11).
-46
Let v(y) = -293*y + 25780. Give v(95).
-2055
Let c(q) = q**3 + 156*q**2 + 3064*q - 27. Give c(-23).
-142
Let h(c) = -c**2 + 1689*c + 69162. Give h(-40).
2
Let l(f) = -f**3 + 3*f**2 + 2610*f + 85. Calculate l(-50).
2085
Let r(x) = x**3 + 370*x**2 - 1870*x + 1782. Determine r(-375).
-93
Let r(u) = -996*u + 14850. What is r(15)?
-90
Let f(w) = 2*w**3 - 88*w**2 - 179*w + 54. What is f(46)?
284
Let p(r) = -4113*r - 25544. Give p(-6).
-866
Let k(t) = 9*t**3 - 7*t**2 + 233*t + 732. Determine k(-3).
-273
Let i(x) = -217*x**2 - 17362*x - 155. What is i(-80)?
5
Let p(f) = -545*f**2 - 3610*f + 5976. Give p(-8).
-24
Let s(y) = y**3 + 41*y**2 + 286*y + 2593. What is s(-35)?
-67
Let b(r) = r**3 + 206*r**2 - 834*r - 2. Calculate b(4).
22
Let i(h) = -2*h**3 + 266*h**2 - 2904*h + 28. What is i(121)?
28
Let z(b) = -b**3 - 277*b**2 + 32539*b - 12808. What is z(-366)?
2
Let y(o) = -2*o**3 - 58*o**2 + 31*o + 524. Calculate y(-29).
-375
Let y(v) = -2*v**3 + 58*v**2 + 121*v - 1825. Determine y(30).
5
Let r(q) = -q**3 - 33*q**2 - 92*q - 106. What is r(-30)?
-46
Let k(v) = -103*v - 11608. What is k(-99)?
-1411
Let q(z) = 3013*z - 235099. Determine q(78).
-85
Let x(d) = 85*d**2 - 804*d + 72. Give x(11).
1513
Let t(f) = f**2 + 193*f + 8343. Calculate t(-64).
87
Let d(l) = -l**3 + 133*l**2 - 1344*l - 386. Give d(122).
-630
Let b(p) = -2*p**3 + 280*p**2 + 2695*p + 119. Give b(-9).
2
Let d(f) = f**3 - 30*f**2 + 86*f + 178. Calculate d(27).
313
Let j(a) = -4*a**2 - 36*a + 1362. Give j(-20).
482
Let r(j) = -147996*j + 4883881. Determine r(33).
13
Let u(g) = -2*g**2 - 997*g + 642696. What is u(370)?
6
Let c(a) = a**3 + 52*a**2 - 196*a + 57. Calculate c(-56).
-1511
Let m(v) = v**3 - 2483*v**2 - 17484*v - 356. Determine m(-7).
22
Let u(c) = -23*c**3 + 2*c**2 - 53*c - 116. Determine u(-2).
182
Let a(g) = 10910*g - 32736. What is a(3)?
-6
Let h(f) = -f**3 + 116*f**2 - 2048*f - 2020. Calculate h(23).
73
Let l(z) = -170*z**3 + 78*z**2 - 67*z - 12. Calculate l(1).
-171
Let r(s) = s**3 - 26*s**2 + 1905*s - 49496. What is r(26)?
34
Let k(n) = 81*n**2 + 6930*n + 6929. Give k(-1).
80
Let x(g) = -g**3 - 3687*g**2 + 367046*g + 186. What is x(97)?
-8
Let q(w) = -w**3 + 249*w**2 - 220*w - 6867. Give q(248).
77
Let s(b) = -135567*b - 29553611. Give s(-218).
-5
Let m(w) = -21*w**2 - 646*w - 3049. Give m(-25).
-24
Let v(c) = -3*c**3 + 575*c**2 + 196*c - 789. Calculate v(192).
-21
Let w(z) = -3*z**2 - 2299*z + 49604. Give w(21).
2
Let r(k) = -695*k + 2616. Calculate r(4).
-164
Let z(h) = 3*h**2 - 275*h + 192. What is z(91)?
10
Let v(a) = -4457*a - 2041314. Give v(-458).
-8
Let w(r) = -29659*r + 1107. Calculate w(0).
1107
Let w(z) = z**2 - 301*z + 20278. Calculate w(104).
-210
Let s(y) = 38141*y + 76271. Give s(-2).
-11
Let z(f) = -193053*f - 3088798. What is z(-16)?
50
Let h(t) = -236*t**2 + 857*t + 360. Calculate h(4).
12
Let s(d) = 11*d**3 - 771*d**2 + 44*d + 1950. What is s(70)?
130
Let v(p) = p**3 - 24*p**2 - 50*p + 102. Give v(23).
-1577
Let f(v) = 898*v - 14347. Determine f(16).
21
Let f(g) = -g**3 - 12946*g + 90988. Determine f(7).
23
Let a(d) = 1133*d - 36215. Calculate a(32).
41
Let v(d) = d**3 + 7*d**2 - 387*d - 84. Give v(-25).
-1659
Let i(d) = 2922411*d + 11689644. What is i(-4)?
0
Let k(m) = m**3 + 70*m**2 - 186*m + 2581. Calculate k(-73).
172
Let x(t) = -t**2 + 4832*t - 48146. What is x(10)?
74
Let t(z) = 126*z**2 - 58333*z - 2167. Give t(463).
148
Let v(j) = -2*j**2 + 292*j + 1425. What is v(-5)?
-85
Let g(k) = -1415*k + 11532. Calculate g(7).
1627
Let r(t) = t**2 + 428*t - 21261. Determine r(45).
24
Let j(g) = -2*g**3 + 985*g**2 - 95435*g + 12609. Give j(360).
9
Let u(t) = -6*t**2 - 301*t + 942280. Give u(372).
4
Let c(p) = -114*p + 11863. Give c(106).
-221
Let l(h) = -25999*h + 857940. Give l(33).
-27
Let w(m) = 5*m**2 + 160*m + 1917. Determine w(-11).
762
Let g(y) = 13650*y - 13363. Calculate g(1).
287
Let g(n) = -2*n**2 - 323*n + 4744. Determine g(-175).
19
Let l(v) = 950*v + 70470. What is l(-74)?
170
Let l(g) = -2*g**2 - 3533*g + 17687. What is l(5)?
-28
Let p(u) = -832*u + 31934. Determine p(38).
318
Let r(x) = -76*x**3 - 231*x**2 - 470*x - 1405. Determine r(-3).
-22
Let p(g) = g**3 + 133*g**2 + 262*g - 1155. Give p(-131).
-1155
Let k(f) = 2*f**2 + 983*f - 1118734. Give k(-1033).
5
Let g(c) = -2*c**2 - 8*c + 2778. Determine g(34).
194
Let a(i) = -45*i**2 + 101*i + 1032. Determine a(-4).
-92
Let p(g) = -157*g**3 + 943*g**2 - 33*g + 155. What is p(6)?
-7
Let z(y) = 27*y**2 + 635*y - 5102. Calculate z(-30).
148
Let q(n) = -8399*n - 151270. What is q(-18)?
-88
Let p(h) = 43949*h - 219449. Calculate p(5).
296
Let t(m) = -3077*m + 23591. Calculate t(7).
2052
Let t(x) = -x**3 + 380*x**2 + 3891*x + 3705. Calculate t(390).
195
Let o(k) = -186*k**3 + 4465*k**2 + 9*k - 796. What is o(24)?
-4
Let c(i) = 3*i**2 - 2600*i + 82539. Determine c(33).
6
Let a(h) = -58*h**3 + 2*h**2 + 117*h - 240. What is a(2)?
-462
Let r(a) = 18*a**2 - 14055*a - 28156. Determine r(-2).
26
Let y(o) = -2*o**3 + 285*o**2 - 9791*o + 1347. Give y(85).
-13
Let w(x) = 37*x**2 + 1124*x - 898. Give w(-34).
3658
Let k(u) = 8*u**3 + 10*u**2 - 33*u + 261. Calculate k(7).
3264
Let r(p) = -2*p**2 + 233*p + 1914. Give r(121).
825
Let z(b) = 999*b + 24031. What is z(-24)?
55
Let b(c) = c**2 + 7109*c + 645561. Calculate b(-92).
-3
Let p(m) = m**3 + 194*m**2 - 1646*m - 6061. Determine p(-202).
-1
Let g(n) = 25*n**2 + 928*n - 24799. Give g(18).
5
Let d(q) = 47*q**2 + 6448*q + 286. Determine d(-137).
-947
Let s(k) = k**3 - 370*k**2 + 3245*k + 1439. Calculate s(361).
-5
Let l(j) = 27*j**3 + j**2 + 3638*j + 14594. Determine l(-4).
-1670
Let k(c) = 4*c**3 + 547*c**2 - 194*c - 7849. Determine k(-137).
-40
Let i(m) = -2*m**2 - 1537*m - 22814. 